 d be g(5). Suppose -4*m - 6 = y, 5*y + 9*m - 80 = d*m. Calculate the remainder when y is divided by 5.
4
Let z(o) = 5*o - 44. What is the remainder when z(18) is divided by 3?
1
Let y(h) = 3*h**2 - 211*h + 237. Calculate the remainder when y(70) is divided by 17.
14
Let x = -15 - -21. Let m = x - 1. Suppose -3*p - 2*z = -17, 9 = -5*p + 4*z + 52. What is the remainder when p is divided by m?
2
Suppose -55 = -5*p - 5*l, 5*l + 34 = p - 1. Suppose -3*h - 6 = -6*h. Suppose -h*b - 47 = -159. Calculate the remainder when b is divided by p.
11
Suppose -6*x + z + 71 = -2*x, -25 = -2*x - 3*z. What is the remainder when 83 is divided by x?
15
Suppose 38*t - 40*t + 4*s = -36, 3*t - 86 = -2*s. Calculate the remainder when 49 is divided by t.
23
Suppose 2*r = 3*r - 28. Let u be 5/(1*(4/(-3) + 1)). Let b = r + u. Calculate the remainder when 51 is divided by b.
12
Suppose 0*i + 6*i = 582. Suppose 8*m = 393 - i. Calculate the remainder when m is divided by 11.
4
Calculate the remainder when 1/(5/20) + (3 - -146) is divided by 39.
36
Suppose 3*v + 3*o = -o + 71, 0 = 2*v + 5*o - 52. Suppose -3*a + 42 = 5*b - 571, -5*a = -5*b + 645. Calculate the remainder when b is divided by v.
20
Suppose -14*i + 12 = -17*i. Let n = i - -6. What is the remainder when ((-2)/(-3))/(n/243) is divided by 28?
25
Suppose z = -5*v - 164, 3*v - z + 112 = -5*z. Let q = v + 40. Suppose 0 = -n - 2*n + 63. What is the remainder when n is divided by q?
5
Let r(b) = -19*b - 60. Calculate the remainder when r(-16) is divided by 13.
10
Let o = -1306 + 1329. Calculate the remainder when 160 is divided by o.
22
Let m be (-2)/((-4)/6*6/8). Suppose -5*c = m*b - 572, 2*b - 272 = -0*b + c. Calculate the remainder when b is divided by 35.
33
Suppose x + 4*x - 50 = 0. Let z = -33 + 72. What is the remainder when z is divided by x?
9
Let h(q) = -14*q. Let b be h(-2). Let l = b + -1. What is the remainder when l is divided by (195/(-30) - 6)*6/(-5)?
12
Suppose 2 = -2*y + 2*n, 5*n - 13 + 2 = 3*y. Let c(t) = t**3 + 27*t**2 + 29*t + 99. Calculate the remainder when c(-26) is divided by y.
0
Let g be 3*-1 + 4 + -3. Let z(m) = -m**2 - 6*m + 100. Calculate the remainder when 14 + (g - -3)/1 is divided by z(7).
6
Suppose 2*m + 88 = 13*m. What is the remainder when 21 is divided by m?
5
Suppose -12 = -3*j + 2*j - 2*w, w = -5*j + 15. Let c = j - 2. Suppose c = -2*p + 6*p - 36. What is the remainder when p is divided by 4?
1
Calculate the remainder when 282 is divided by 301/86*128/28.
10
Calculate the remainder when 311/(6/(-48)*-2) is divided by 29.
26
Let s(d) = -7*d - 24. Suppose -8*q = -12*q + 340. Calculate the remainder when q is divided by s(-6).
13
Calculate the remainder when (-2)/(-18)*1175 + 8/18 is divided by 6.
5
Suppose -3*t - 41 = -3*v + 4, 0 = -5*t - 15. Let u = v + -1. Calculate the remainder when u is divided by (4 - 1)/(1 + 0).
2
Suppose 0*k - 8 = j - 3*k, -59 = 5*j + 4*k. Calculate the remainder when (-68)/(-374) - (-1 + 592/j) is divided by 12.
7
Let j(z) = z**3 - 19*z**2 + 23. Let q(c) = -c**2 - 3*c + 3. Let b be q(-3). Suppose b*i - 22 = 2. Calculate the remainder when j(19) is divided by i.
7
Suppose 0 = -3*p - 9, 6*p = -2*v + 2*p + 16. Calculate the remainder when 25 is divided by v.
11
Let y(h) = -h + 23. Let d be y(6). Suppose 0 = -d*m + 22*m - 175. What is the remainder when m is divided by 9?
8
Suppose 19 = -5*o - w + 77, -o - 1 = -4*w. Suppose 6*i - 2*i - 168 = 0. What is the remainder when i is divided by o?
9
Suppose 888 + 312 = 40*z. Let q(f) = -20*f - 3. What is the remainder when q(-6) is divided by z?
27
Suppose 140805 = 88*h + 17*h. What is the remainder when h is divided by 17?
15
Suppose -24*n + 996 = -18*n. What is the remainder when n is divided by 72?
22
Suppose -11*x = -8*x + 348. Let z = 135 + x. What is the remainder when 88 is divided by z?
12
Let g(b) = b + 22. Calculate the remainder when g(35) is divided by 22.
13
Suppose 4*t - 276 = -4*q, -2*q - 4*t - 54 = -3*q. Calculate the remainder when q is divided by 23.
20
Let n = -16 + 72. Suppose -7*h = -0*h - n. Calculate the remainder when 35 is divided by h.
3
Let o(d) = 6*d**3 - 2*d + 1. Let q = 103 - 95. Calculate the remainder when (-5 - (-4)/q)*-2 is divided by o(1).
4
Let r = 1785 - 492. Calculate the remainder when r is divided by 81.
78
Suppose 58 = o - 5*d, 0*o = -3*o - 3*d + 174. Suppose -9*u + 355 - o = 0. Calculate the remainder when 129 is divided by u.
30
Suppose 2*j + 2*j = 3*h - 187, 3*h + 4*j = 155. Calculate the remainder when 202 is divided by h.
31
Suppose 152 = 727*z - 723*z. Calculate the remainder when 338 is divided by z.
34
Suppose -21*v = -17*v - 8. Suppose 55 = 5*b - 4*k, 3*k - 2 = -v*b - 3. Calculate the remainder when b is divided by 2.
1
Let g(i) = 2*i + 5. Let r be g(-7). Let a = r + 21. Let j(o) = o**2 + 26*o + 77. Calculate the remainder when a is divided by j(-3).
4
Suppose -6*y + y = -30. Let j(w) = -w**3 + 9*w**2 - 14*w + 9. What is the remainder when j(y) is divided by 18?
15
Let k(u) = 9*u**3 + 4*u + 7. Calculate the remainder when k(3) is divided by 24.
22
Let w be -4 - (16/(-2) + -2). Suppose w*p + 18 = 5*p. Let l = p - -27. Calculate the remainder when 16 is divided by l.
7
Suppose 431 = -5*y + 11. Let c = -43 - y. Calculate the remainder when c is divided by 28*(-3 - (-7)/2).
13
Suppose 2*f - 5*k = -10, -3*f + 4*k - 30 + 29 = 0. Calculate the remainder when 45 is divided by f.
0
Let d(v) = 4*v**2 + v**3 + 4 + v + 0*v**3 - 2*v**3 - 4*v. Let r be d(4). What is the remainder when 13 is divided by 12/r + (-39)/(-6)?
3
What is the remainder when 1*((1167 - -2) + (14 - 13)) is divided by 23?
20
Suppose -14*i + 427 = 3*j - 9*i, -5*j - 5*i = -695. What is the remainder when j is divided by 37?
23
Suppose 0 = -6*i + 211 + 71. Calculate the remainder when i is divided by 39.
8
Suppose -15*f + 4*f + 682 = 0. What is the remainder when f is divided by 19?
5
Suppose 6*l + 570 - 630 = 0. Let x(z) = -z**2 - 3*z + 1. Let j be x(-3). Let a = l + j. What is the remainder when a is divided by 6?
5
Suppose -14*z + 360 = -8*z. Calculate the remainder when 3/12 - (-2375)/20 is divided by z.
59
What is the remainder when 10 is divided by (-11)/1*(300/(-55))/10?
4
Suppose o + 4*o + 22 = x, -3*o = 0. What is the remainder when 49 is divided by (-44)/(-2) - (-26 + x)?
23
Suppose -v + 48 = -5*f, -5 = 3*f + 3*v + 13. Let p be (f/3)/(3/(-2)). Let m(z) = 5*z**3 + z**2 + z + 2. Calculate the remainder when m(p) is divided by 10.
8
Let o be (-1)/(-1)*(1 - 1). Let b(j) = 87*j**3 - 2*j**2 + j + 88*j**3 + 7 - 2*j - 174*j**3. What is the remainder when 18 is divided by b(o)?
4
Suppose -5*b = 4 + 11. Let u = 46 + b. Let n(p) = -p**3 - 4*p**2 + 3*p + 1. Calculate the remainder when u is divided by n(-5).
10
Let v = 79 + -56. Calculate the remainder when 112 is divided by v.
20
Suppose 8*c - 11*c = -15. Suppose -7 + 22 = c*p, 3*p = 5*o - 146. Suppose 2 = -o*k + 33*k. What is the remainder when 1 is divided by k?
0
Let k = 42 + 187. Suppose 0 = 7*w - 170 - k. What is the remainder when w is divided by 15?
12
Let p = 7 + 280. Calculate the remainder when p is divided by 36.
35
Suppose -3*n + 21 = 5*h, -h + 6*h - 9 = 3*n. Let s = 37 + -36. Calculate the remainder when n is divided by s.
0
Let r(n) = n**2 - 7*n + 3. Let m be r(7). Let k = 263 - 247. Calculate the remainder when m/3 - 2 - -30 is divided by k.
13
Let i(m) = m**3 - 9*m**2 + 10*m - 8. Let o(h) = 2*h**2 - 5*h + 7. Let t be o(3). Suppose -185 = -t*r + 5*r. Calculate the remainder when r is divided by i(8).
5
Calculate the remainder when 171 is divided by (-2 + -3 + 21)/1.
11
Let j = 166 - 158. Calculate the remainder when j is divided by 2/5 + (-26)/(-10).
2
Let f(x) = -14*x - 86. What is the remainder when f(-10) is divided by 14?
12
Calculate the remainder when (-18)/((-9)/(-3)) + (359 - -23) is divided by 21.
19
Let u(g) = g**3 - 22*g**2 - 71*g - 7. What is the remainder when u(25) is divided by 24?
21
Let r(l) = l**3 - 10*l**2 - 9*l - 18. Let o be r(11). Suppose 178 + 330 = 4*n + o*y, 136 = n - 2*y. What is the remainder when n is divided by 15?
10
Calculate the remainder when 115 - (-1 + -2)*(20 + -19) is divided by 34.
16
Let t = 128 - 68. Let w = 100 - t. Calculate the remainder when w is divided by 82/6 + 2/6.
12
Let z be -2 - (4/10)/(4/(-20)).